What is the remainder when 316006 is divided by 43?
42
Calculate the remainder when 2425 is divided by 1172.
81
Calculate the remainder when 657718 is divided by 1912.
1902
Calculate the remainder when 39442 is divided by 274.
260
Calculate the remainder when 1116 is divided by 341.
93
What is the remainder when 55002 is divided by 285?
282
Calculate the remainder when 56468 is divided by 149.
146
What is the remainder when 528752 is divided by 981?
974
Calculate the remainder when 9021 is divided by 37.
30
What is the remainder when 700047 is divided by 175011?
3
Calculate the remainder when 10866 is divided by 2181.
2142
What is the remainder when 34559 is divided by 4935?
14
What is the remainder when 3141 is divided by 37?
33
Calculate the remainder when 95410 is divided by 186.
178
What is the remainder when 14655 is divided by 174?
39
What is the remainder when 5255 is divided by 5153?
102
Calculate the remainder when 354537 is divided by 5.
2
Calculate the remainder when 1458 is divided by 281.
53
Calculate the remainder when 33685 is divided by 15.
10
Calculate the remainder when 43675 is divided by 10918.
3
Calculate the remainder when 8726 is divided by 17.
5
What is the remainder when 8658 is divided by 321?
312
What is the remainder when 15377 is divided by 436?
117
What is the remainder when 9643 is divided by 646?
599
Calculate the remainder when 5016 is divided by 6.
0
What is the remainder when 769632 is divided by 4871?
14
Calculate the remainder when 16997 is divided by 1319.
1169
Calculate the remainder when 181567 is divided by 144.
127
What is the remainder when 126446 is divided by 31?
28
What is the remainder when 15068 is divided by 7529?
10
Calculate the remainder when 1341848 is divided by 47.
45
Calculate the remainder when 24708 is divided by 4.
0
Calculate the remainder when 13998 is divided by 100.
98
What is the remainder when 2190 is divided by 2106?
84
What is the remainder when 6729 is divided by 119?
65
Calculate the remainder when 8683 is divided by 2892.
7
What is the remainder when 14065 is divided by 76?
5
Calculate the remainder when 7584 is divided by 109.
63
What is the remainder when 136 is divided by 7?
3
Calculate the remainder when 268852 is divided by 134418.
16
Calculate the remainder when 61199 is divided by 142.
139
What is the remainder when 2652 is divided by 2638?
14
Calculate the remainder when 141992 is divided by 89.
37
Calculate the remainder when 4033 is divided by 36.
1
Calculate the remainder when 65839 is divided by 3454.
213
What is the remainder when 549997 is divided by 500?
497
Calculate the remainder when 7587 is divided by 107.
97
Calculate the remainder when 1551 is divided by 575.
401
What is the remainder when 34768 is divided by 61?
59
What is the remainder when 26230 is divided by 149?
6
What is the remainder when 65940 is divided by 9411?
63
What is the remainder when 2678 is divided by 169?
143
Calculate the remainder when 34957 is divided by 376.
365
Calculate the remainder when 1116948 is divided by 50.
48
Calculate the remainder when 4936 is divided by 24.
16
Calculate the remainder when 931 is divided by 315.
301
What is the remainder when 56831 is divided by 1386?
5
What is the remainder when 5383 is divided by 1329?
67
Calculate the remainder when 2133 is divided by 2119.
14
What is the remainder when 49524 is divided by 1415?
1414
What is the remainder when 33600 is divided by 11189?
33
Calculate the remainder when 84140 is divided by 3005.
0
What is the remainder when 4943 is divided by 3466?
1477
Calculate the remainder when 1136351 is divided by 16.
15
What is the remainder when 236946 is divided by 78953?
87
What is the remainder when 25285 is divided by 95?
15
What is the remainder when 44291 is divided by 71?
58
Calculate the remainder when 117447 is divided by 58711.
25
What is the remainder when 1334100 is divided by 21?
12
Calculate the remainder when 3701758 is divided by 640.
638
What is the remainder when 575951 is divided by 9?
5
Calculate the remainder when 36455 is divided by 7265.
130
Calculate the remainder when 1229 is divided by 572.
85
What is the remainder when 1493 is divided by 369?
17
Calculate the remainder when 2955 is divided by 587.
20
What is the remainder when 21798 is divided by 75?
48
Calculate the remainder when 233403 is divided by 14.
9
What is the remainder when 7703 is divided by 1280?
23
Calculate the remainder when 1814 is divided by 489.
347
What is the remainder when 6479 is divided by 3218?
43
Calculate the remainder when 7857 is divided by 140.
17
What is the remainder when 13429 is divided by 103?
39
What is the remainder when 226568 is divided by 17426?
30
What is the remainder when 126 is divided by 117?
9
What is the remainder when 30964 is divided by 87?
79
Calculate the remainder when 122365 is divided by 13.
9
Calculate the remainder when 161797 is divided by 875.
797
What is the remainder when 31747 is divided by 189?
184
What is the remainder when 202534 is divided by 18?
16
What is the remainder when 281526 is divided by 6547?
5
Calculate the remainder when 32519 is divided by 293.
289
What is the remainder when 17219 is divided by 210?
209
Calculate the remainder when 20937 is divided by 1231.
10
Calculate the remainder when 109591 is divided by 9.
7
What is the remainder when 33839 is divided by 48?
47
Calculate the remainder when 1366 is divided by 269.
21
Calculate the remainder when 110001 is divided by 36653.
42
What is the remainder when 2097 is divided by 1957?
140
Calculate the remainder when 3371 is divided by 202.
139
What is the remainder when 1335 is divided by 553?
229
What is the remainder when 4533479 is divided by 72?
71
Calculate the remainder when 1395 is divided by 279.
0
Calculate the remainder when 285956 is divided by 142977.
2
What is the remainder when 2901 is divided by 127?
107
What is the remainder when 388594 is divided by 15543?
19
Calculate the remainder when 1312 is divided by 13.
12
Calculate the remainder when 10160 is divided by 233.
141
Calculate the remainder when 520028 is divided by 173341.
5
What is the remainder when 9326 is divided by 48?
14
Calculate the remainder when 2049 is divided by 636.
141
Calculate the remainder when 40060 is divided by 20013.
34
What is the remainder when 12233 is divided by 830?
613
Calculate the remainder when 1505 is divided by 65.
10
What is the remainder when 1210 is divided by 330?
220
What is the remainder when 286 is divided by 34?
14
Calculate the remainder when 650265 is divided by 162563.
13
What is the remainder when 2686444 is divided by 207?
205
What is the remainder when 421647 is divided by 22?
17
Calculate the remainder when 712 is divided by 58.
16
What is the remainder when 94556 is divided by 13505?
21
What is the remainder when 3447 is divided by 565?
57
Calculate the remainder when 1220 is divided by 202.
8
Calculate the remainder when 906013 is divided by 627.
625
Calculate the remainder when 27882 is divided by 27878.
4
Calculate the remainder when 10743 is divided by 70.
33
Calculate the remainder when 3983 is divided by 368.
303
What is the remainder when 2436 is divided by 212?
104
Calculate the remainder when 990 is divided by 984.
6
Calculate the remainder when 13644 is divided by 292.
212
What is the remainder when 22774 is divided by 44?
26
Calculate the remainder when 4416 is divided by 1243.
687
What is the remainder when 2124 is divided by 812?
500
Calculate the remainder when 507729 is divided by 42310.
9
Calculate the remainder when 40478 is divided by 460.
458
What is the remainder when 1926 is divided by 13?
2
What is the remainder when 16943 is divided by 239?
213
Calculate the remainder when 111656 is divided by 3.
2
What is the remainder when 240197 is divided by 39?
35
What is the remainder when 36099 is divided by 100?
99
Calculate the remainder when 309 is divided by 273.
36
Calculate the remainder when 629711 is divided by 23.
17
What is the remainder when 2427 is divided by 474?
57
Calculate the remainder when 9013 is divided by 23.
20
Calculate the remainder when 55510 is divided by 721.
714
Calculate the remainder when 40142 is divided by 6689.
8
Calculate the remainder when 533497 is divided